
What is the ten thousands digit of 20429?
2
What is the tens digit of 859?
5
What is the units digit of 4031?
1
What is the units digit of 2490?
0
What is the units digit of 690?
0
What is the thousands digit of 85150?
5
What is the hundreds digit of 61314?
3
What is the ten thousands digit of 45574?
4
What is the units digit of 8735?
5
What is the units digit of 9379?
9
What is the hundreds digit of 681?
6
What is the tens digit of 275?
7
What is the tens digit of 7496?
9
What is the thousands digit of 1360?
1
What is the hundreds digit of 1941?
9
What is the hundreds digit of 55974?
9
What is the units digit of 5463?
3
What is the tens digit of 3303?
0
What is the hundreds digit of 23628?
6
What is the units digit of 5263?
3
What is the thousands digit of 132083?
2
What is the thousands digit of 6633?
6
What is the hundreds digit of 686?
6
What is the hundreds digit of 104?
1
What is the thousands digit of 2981?
2
What is the hundreds digit of 2470?
4
What is the ten thousands digit of 61403?
6
What is the hundreds digit of 726?
7
What is the tens digit of 17074?
7
What is the hundreds digit of 9851?
8
What is the hundreds digit of 256?
2
What is the hundreds digit of 578?
5
What is the tens digit of 842?
4
What is the thousands digit of 59902?
9
What is the tens digit of 2377?
7
What is the hundreds digit of 3634?
6
What is the tens digit of 39321?
2
What is the tens digit of 7205?
0
What is the units digit of 7036?
6
What is the hundreds digit of 17183?
1
What is the hundreds digit of 2711?
7
What is the thousands digit of 1223?
1
What is the units digit of 1300?
0
What is the tens digit of 5652?
5
What is the tens digit of 19?
1
What is the hundreds digit of 3792?
7
What is the thousands digit of 3938?
3
What is the tens digit of 11668?
6
What is the units digit of 991?
1
What is the tens digit of 10966?
6
What is the thousands digit of 53246?
3
What is the ten thousands digit of 151975?
5
What is the tens digit of 227?
2
What is the hundreds digit of 20362?
3
What is the tens digit of 58048?
4
What is the units digit of 1152?
2
What is the hundreds digit of 17846?
8
What is the hundreds digit of 847?
8
What is the ten thousands digit of 62496?
6
What is the hundreds digit of 18446?
4
What is the tens digit of 21328?
2
What is the thousands digit of 34900?
4
What is the units digit of 31290?
0
What is the hundreds digit of 5602?
6
What is the ten thousands digit of 18697?
1
What is the hundreds digit of 207?
2
What is the tens digit of 2228?
2
What is the units digit of 2777?
7
What is the thousands digit of 7182?
7
What is the ten thousands digit of 58985?
5
What is the tens digit of 934?
3
What is the thousands digit of 13101?
3
What is the tens digit of 274?
7
What is the hundreds digit of 1836?
8
What is the tens digit of 18415?
1
What is the thousands digit of 2376?
2
What is the hundreds digit of 7312?
3
What is the units digit of 52664?
4
What is the units digit of 76793?
3
What is the thousands digit of 7974?
7
What is the thousands digit of 30255?
0
What is the hundreds digit of 163486?
4
What is the tens digit of 8741?
4
What is the tens digit of 15035?
3
What is the units digit of 13626?
6
What is the thousands digit of 2840?
2
What is the tens digit of 113498?
9
What is the hundreds digit of 2225?
2
What is the units digit of 2531?
1
What is the thousands digit of 3834?
3
What is the tens digit of 296?
9
What is the units digit of 9770?
0
What is the tens digit of 790?
9
What is the hundreds digit of 4307?
3
What is the tens digit of 4475?
7
What is the ten thousands digit of 75105?
7
What is the hundreds digit of 1307?
3
What is the hundreds digit of 1398?
3
What is the hundreds digit of 9262?
2
What is the units digit of 33730?
0
What is the tens digit of 2341?
4
What is the units digit of 1741?
1
What is the hundreds digit of 2007?
0
What is the tens digit of 1152?
5
What is the tens digit of 1396?
9
What is the thousands digit of 1520?
1
What is the ten thousands digit of 16576?
1
What is the units digit of 6472?
2
What is the units digit of 874?
4
What is the tens digit of 926?
2
What is the tens digit of 1215?
1
What is the tens digit of 770?
7
What is the units digit of 107060?
0
What is the thousands digit of 26767?
6
What is the tens digit of 845?
4
What is the thousands digit of 5881?
5
What is the tens digit of 897?
9
What is the thousands digit of 9187?
9
What is the units digit of 96841?
1
What is the ten thousands digit of 10245?
1
What is the tens digit of 1791?
9
What is the thousands digit of 14477?
4
What is the hundreds digit of 4407?
4
What is the thousands digit of 30476?
0
What is the tens digit of 15034?
3
What is the units digit of 47519?
9
What is the ten thousands digit of 75269?
7
What is the units digit of 4416?
6
What is the tens digit of 1444?
4
What is the units digit of 703?
3
What is the tens digit of 102?
0
What is the units digit of 8466?
6
What is the thousands digit of 7436?
7
What is the tens digit of 630?
3
What is the units digit of 1680?
0
What is the units digit of 2205?
5
What is the hundreds digit of 701?
7
What is the units digit of 877?
7
What is the thousands digit of 14171?
4
What is the hundred thousands digit of 134908?
1
What is the hundreds digit of 155?
1
What is the hundreds digit of 4538?
5
What is the thousands digit of 2550?
2
What is the tens digit of 46469?
6
What is the thousands digit of 6325?
6
What is the units digit of 4183?
3
What is the thousands digit of 74885?
4
What is the tens digit of 21439?
3
What is the ten thousands digit of 45193?
4
What is the tens digit of 1898?
9
What is the tens digit of 84458?
5
What is the units digit of 25227?
7
What is the tens digit of 3288?
8
What is the thousands digit of 18103?
8
What is the units digit of 1153?
3
What is the thousands digit of 28979?
8
What is the hundreds digit of 5244?
2
What is the hundreds digit of 17398?
3
What is the units digit of 146322?
2
What is the hundreds digit of 2799?
7
What is the ten thousands digit of 34806?
3
What is the tens digit of 20?
2
What is the tens digit of 3621?
2
What is the units digit of 1049?
9
What is the ten thousands digit of 37979?
3
What is the thousands digit of 43045?
3
What is the units digit of 21274?
4
What is the units digit of 2112?
2
What is the units digit of 43844?
4
What is the units digit of 4001?
1
What is the tens digit of 952?
5
What is the units digit of 848?
8
What is the hundreds digit of 482?
4
What is the tens digit of 163653?
5
What is the hundreds digit of 294?
2
What is the units digit of 100?
0
What is the units digit of 37489?
9
What is the units digit of 28?
8
What is the units digit of 4311?
1
What is the thousands digit of 20378?
0
What is the tens digit of 4062?
6
What is the tens digit of 3840?
4
What is the hundreds digit of 447?
4
What is the hundred thousands digit of 124056?
1
What is the thousands digit of 50441?
0
What is the units digit of 5406?
6
What is the hundreds digit of 3067?
0
What is the units digit of 5?
5
What is the thousands digit of 16549?
6
What is the units digit of 5394?
4
What is the units digit of 47737?
7
What is the hundreds digit of 7667?
6
What is the hundreds digit of 3813?
8
What is the hundreds digit of 13049?
0
What is the units digit of 3094?
4
What is the tens digit of 33337?
3
What is the hundreds digit of 17246?
2
What is the hundreds digit of 27219?
2
What is the units digit of 31138?
8
What is the thousands digit of 4237?
4
What is the tens digit of 14146?
4
What is the units digit of 12941?
1
What is the tens digit of 5304?
0
What is the thousands digit of 4148?
4
What is the units digit of 111299?
9
What is the hundreds digit of 245?
2
What is the hundreds digit of 33376?
3
What is the tens digit of 3863?
6
What is the tens digit of 1826?
2
What is the units digit of 54?
4
What is the hundreds digit of 1943?
9
What is the hundreds digit of 3087?
0
What is the units digit of 592?
2
What is the tens digit of 164007?
0
What is the tens digit of 615?
1
What is the thousands digit of 3614?
3
What is the tens digit of 1379?
7
What is the tens digit of 1283?
8
What is the thousands digit of 10850?
0
What is the hundreds digit of 62585?
5
What is the units digit of 75091?
1
What is the units digit of 